{"id":226,"date":"2024-01-18T17:42:05","date_gmt":"2024-01-18T16:42:05","guid":{"rendered":"https:\/\/ecsiskola.hu\/web\/?page_id=226"},"modified":"2024-01-18T18:33:42","modified_gmt":"2024-01-18T17:33:42","slug":"vegzos-osztalyok-2020-2021","status":"publish","type":"page","link":"https:\/\/ecsiskola.hu\/web\/vegzos-osztalyok-2020-2021\/","title":{"rendered":"V\u00e9gz\u0151s oszt\u00e1lyok 2020\/2021"},"content":{"rendered":"<h2 style=\"text-align: center;\">2020\/2021<\/h2>\n<p><img loading=\"lazy\" decoding=\"async\" class=\"size-large wp-image-220 aligncenter\" src=\"https:\/\/ecsiskola.hu\/web\/wp-content\/uploads\/2024\/01\/2020-2021-1024x698.jpg\" alt=\"\" width=\"680\" height=\"464\" srcset=\"https:\/\/ecsiskola.hu\/web\/wp-content\/uploads\/2024\/01\/2020-2021-1024x698.jpg 1024w, https:\/\/ecsiskola.hu\/web\/wp-content\/uploads\/2024\/01\/2020-2021-300x205.jpg 300w, https:\/\/ecsiskola.hu\/web\/wp-content\/uploads\/2024\/01\/2020-2021-768x524.jpg 768w, https:\/\/ecsiskola.hu\/web\/wp-content\/uploads\/2024\/01\/2020-2021.jpg 1200w\" sizes=\"(max-width: 680px) 100vw, 680px\" \/><\/p>\n<p style=\"text-align: center;\"><strong>8.oszt\u00e1ly<\/strong><br \/>\n<strong>Oszt\u00e1lyf\u0151n\u00f6k:<\/strong> M\u00e1kn\u00e9 Cs\u00e9p\u00e1nyi Katalin<\/p>\n<p style=\"text-align: center;\">1. Berghold Lilla<br \/>\n2. Bogn\u00e1r Bogl\u00e1rka Kincs\u0151<br \/>\n3. Boros Mih\u00e1ly P\u00e9ter<br \/>\n4. Ciulli R\u00f3me\u00f3<br \/>\n5.Cz\u00e9b\u00e1n Zs\u00f3fia Tekla<br \/>\n6. Cserteg Barnab\u00e1s<br \/>\n7. Dam\u00f3 Csenge<br \/>\n8. Debreczeni Attila<br \/>\n9. Di\u00f3szegi Gerg\u0151<br \/>\n10. H\u00e1hn Hanna<br \/>\n11. Hammerl M\u00e1rk<br \/>\n12. Horv\u00e1th-Lengyel Luca<br \/>\n13. J\u00e1noki Klaudia<br \/>\n14. Kov\u00e1cs Kende B\u00e1lin<br \/>\n15. Kov\u00e1cs Krist\u00f3f<br \/>\n16. K\u00f6rtv\u00e9lyes Alexandra<br \/>\n17. Madar\u00e1sz Rich\u00e1rd<br \/>\n18. Madar\u00e1sz R\u00f3bert<br \/>\n19. Moln\u00e1r Csaba M\u00e1rk<br \/>\n20. Moln\u00e1r Patr\u00edcia Piroska<br \/>\n21. Nagy Bendeg\u00faz<br \/>\n22. N\u00e9meth B\u00e1lint Csaba<br \/>\n23. P\u00e1kozdi M\u00e1t\u00e9 Csaba<br \/>\n24. P\u00e1lfi M\u00e1rk<br \/>\n25. Pap Lili<br \/>\n26. Pirgi Patrik<br \/>\n27. Ress Fatime<br \/>\n28. Sebesty\u00e9n Bence<br \/>\n29. Szab\u00f3 Istv\u00e1n Zserald<br \/>\n30. Szab\u00f3 Tam\u00e1s Benjamin<br \/>\n31.Szegv\u00e1ri Mil\u00e1n<\/p>\n","protected":false},"excerpt":{"rendered":"<p>2020\/2021 8.oszt\u00e1ly Oszt\u00e1lyf\u0151n\u00f6k: M\u00e1kn\u00e9 Cs\u00e9p\u00e1nyi Katalin 1. Berghold Lilla 2. Bogn\u00e1r Bogl\u00e1rka Kincs\u0151 3. Boros Mih\u00e1ly P\u00e9ter 4. Ciulli R\u00f3me\u00f3 5.Cz\u00e9b\u00e1n Zs\u00f3fia Tekla 6. Cserteg Barnab\u00e1s 7. Dam\u00f3 Csenge 8. Debreczeni Attila 9. Di\u00f3szegi Gerg\u0151 10. H\u00e1hn Hanna 11. Hammerl [&hellip;]<\/p>\n","protected":false},"author":1,"featured_media":0,"parent":0,"menu_order":0,"comment_status":"closed","ping_status":"closed","template":"","meta":{"ngg_post_thumbnail":0,"footnotes":""},"_links":{"self":[{"href":"https:\/\/ecsiskola.hu\/web\/wp-json\/wp\/v2\/pages\/226"}],"collection":[{"href":"https:\/\/ecsiskola.hu\/web\/wp-json\/wp\/v2\/pages"}],"about":[{"href":"https:\/\/ecsiskola.hu\/web\/wp-json\/wp\/v2\/types\/page"}],"author":[{"embeddable":true,"href":"https:\/\/ecsiskola.hu\/web\/wp-json\/wp\/v2\/users\/1"}],"replies":[{"embeddable":true,"href":"https:\/\/ecsiskola.hu\/web\/wp-json\/wp\/v2\/comments?post=226"}],"version-history":[{"count":2,"href":"https:\/\/ecsiskola.hu\/web\/wp-json\/wp\/v2\/pages\/226\/revisions"}],"predecessor-version":[{"id":259,"href":"https:\/\/ecsiskola.hu\/web\/wp-json\/wp\/v2\/pages\/226\/revisions\/259"}],"wp:attachment":[{"href":"https:\/\/ecsiskola.hu\/web\/wp-json\/wp\/v2\/media?parent=226"}],"curies":[{"name":"wp","href":"https:\/\/api.w.org\/{rel}","templated":true}]}}