{"id":234,"date":"2024-01-18T17:55:02","date_gmt":"2024-01-18T16:55:02","guid":{"rendered":"https:\/\/ecsiskola.hu\/web\/?page_id=234"},"modified":"2024-01-18T18:37:01","modified_gmt":"2024-01-18T17:37:01","slug":"vegzos-osztalyok-2016-2017","status":"publish","type":"page","link":"https:\/\/ecsiskola.hu\/web\/vegzos-osztalyok-2016-2017\/","title":{"rendered":"V\u00e9gz\u0151s oszt\u00e1lyok 2016\/2017"},"content":{"rendered":"<h2 style=\"text-align: center;\">2016\/2017<\/h2>\n<p style=\"text-align: center;\"><img loading=\"lazy\" decoding=\"async\" class=\"size-full wp-image-216 aligncenter\" src=\"https:\/\/ecsiskola.hu\/web\/wp-content\/uploads\/2024\/01\/2016-2017.jpg\" alt=\"\" width=\"640\" height=\"459\" srcset=\"https:\/\/ecsiskola.hu\/web\/wp-content\/uploads\/2024\/01\/2016-2017.jpg 640w, https:\/\/ecsiskola.hu\/web\/wp-content\/uploads\/2024\/01\/2016-2017-300x215.jpg 300w\" sizes=\"(max-width: 640px) 100vw, 640px\" \/><strong>8. oszt\u00e1ly<\/strong><\/p>\n<p style=\"text-align: center;\">B\u00e1nkuti M\u00e1ty\u00e1s<br \/>\nBozsoki R\u00f3bert<br \/>\nFarkas Szilvia<br \/>\nGell\u00e9r Vir\u00e1g<br \/>\nHeged\u00fcs Szilvia<br \/>\nHerold \u00c1rmin<br \/>\nHoffmann \u00c9va<br \/>\nHoffmann R\u00e9ka<br \/>\nHorv\u00e1th M\u00e1t\u00e9<br \/>\nKolont\u00e1ri Ren\u00e1ta<br \/>\nKrajcz\u00e1r Martin<br \/>\nMayer Norman<br \/>\nN\u00e9meth Dorina<br \/>\nN\u00e9meth Oliv\u00e9r<br \/>\nOtoltics \u00c1ron<br \/>\nR\u00f3ka Vivien<br \/>\nScharreisz \u00c1ron<br \/>\nSo\u00f3s Gergely<br \/>\nSzita Mil\u00e1n<br \/>\nTak\u00e1cs Vikt\u00f3ria<br \/>\nT\u00f3th P\u00e9ter<br \/>\nVarga L\u00e1szl\u00f3<br \/>\nVaszari Rudolf<\/p>\n","protected":false},"excerpt":{"rendered":"<p>2016\/2017 8. oszt\u00e1ly B\u00e1nkuti M\u00e1ty\u00e1s Bozsoki R\u00f3bert Farkas Szilvia Gell\u00e9r Vir\u00e1g Heged\u00fcs Szilvia Herold \u00c1rmin Hoffmann \u00c9va Hoffmann R\u00e9ka Horv\u00e1th M\u00e1t\u00e9 Kolont\u00e1ri Ren\u00e1ta Krajcz\u00e1r Martin Mayer Norman N\u00e9meth Dorina N\u00e9meth Oliv\u00e9r Otoltics \u00c1ron R\u00f3ka Vivien Scharreisz \u00c1ron So\u00f3s Gergely Szita [&hellip;]<\/p>\n","protected":false},"author":1,"featured_media":0,"parent":0,"menu_order":0,"comment_status":"closed","ping_status":"closed","template":"","meta":{"ngg_post_thumbnail":0,"footnotes":""},"_links":{"self":[{"href":"https:\/\/ecsiskola.hu\/web\/wp-json\/wp\/v2\/pages\/234"}],"collection":[{"href":"https:\/\/ecsiskola.hu\/web\/wp-json\/wp\/v2\/pages"}],"about":[{"href":"https:\/\/ecsiskola.hu\/web\/wp-json\/wp\/v2\/types\/page"}],"author":[{"embeddable":true,"href":"https:\/\/ecsiskola.hu\/web\/wp-json\/wp\/v2\/users\/1"}],"replies":[{"embeddable":true,"href":"https:\/\/ecsiskola.hu\/web\/wp-json\/wp\/v2\/comments?post=234"}],"version-history":[{"count":2,"href":"https:\/\/ecsiskola.hu\/web\/wp-json\/wp\/v2\/pages\/234\/revisions"}],"predecessor-version":[{"id":262,"href":"https:\/\/ecsiskola.hu\/web\/wp-json\/wp\/v2\/pages\/234\/revisions\/262"}],"wp:attachment":[{"href":"https:\/\/ecsiskola.hu\/web\/wp-json\/wp\/v2\/media?parent=234"}],"curies":[{"name":"wp","href":"https:\/\/api.w.org\/{rel}","templated":true}]}}