{"id":238,"date":"2024-01-18T18:01:45","date_gmt":"2024-01-18T17:01:45","guid":{"rendered":"https:\/\/ecsiskola.hu\/web\/?page_id=238"},"modified":"2024-01-18T18:38:37","modified_gmt":"2024-01-18T17:38:37","slug":"vegzos-osztalyok-2014-2015","status":"publish","type":"page","link":"https:\/\/ecsiskola.hu\/web\/vegzos-osztalyok-2014-2015\/","title":{"rendered":"V\u00e9gz\u0151s oszt\u00e1lyok 2014\/2015"},"content":{"rendered":"<h2 style=\"text-align: center;\">2014\/2015<\/h2>\n<p><img loading=\"lazy\" decoding=\"async\" class=\"size-full wp-image-213 aligncenter\" src=\"https:\/\/ecsiskola.hu\/web\/wp-content\/uploads\/2024\/01\/2014-2015_8a.jpg\" alt=\"\" width=\"640\" height=\"462\" srcset=\"https:\/\/ecsiskola.hu\/web\/wp-content\/uploads\/2024\/01\/2014-2015_8a.jpg 640w, https:\/\/ecsiskola.hu\/web\/wp-content\/uploads\/2024\/01\/2014-2015_8a-300x217.jpg 300w\" sizes=\"(max-width: 640px) 100vw, 640px\" \/><\/p>\n<p style=\"text-align: center;\"><strong>8.a oszt\u00e1ly<\/strong><\/p>\n<p style=\"text-align: center;\">Barna Benedek<br \/>\nCs\u00e1fordi J\u00f3zsef<br \/>\nCsete Martin<br \/>\nFeh\u00e9r Kamilla<br \/>\nGiczi Bence<br \/>\nHadarics \u00c1kos<br \/>\nHadarics Bal\u00e1zs<br \/>\nHadarics G\u00e1bor<br \/>\nH\u00e1hn Barbara<br \/>\nHerold \u00c1ron<br \/>\nJuh\u00e1sz Adri\u00e1n<br \/>\nN\u00e9meth Daniella<br \/>\nS\u00e1ri Dominika<br \/>\nSo\u00f3s Adrienn<br \/>\n\u00dcveges Katinka<\/p>\n<hr>\n<p style=\"text-align: center;\"><img loading=\"lazy\" decoding=\"async\" class=\"alignnone size-full wp-image-214\" src=\"https:\/\/ecsiskola.hu\/web\/wp-content\/uploads\/2024\/01\/2014-2015_8b.jpg\" alt=\"\" width=\"640\" height=\"455\" srcset=\"https:\/\/ecsiskola.hu\/web\/wp-content\/uploads\/2024\/01\/2014-2015_8b.jpg 640w, https:\/\/ecsiskola.hu\/web\/wp-content\/uploads\/2024\/01\/2014-2015_8b-300x213.jpg 300w\" sizes=\"(max-width: 640px) 100vw, 640px\" \/><\/p>\n<p style=\"text-align: center;\"><strong>8.b oszt\u00e1ly<\/strong><\/p>\n<p style=\"text-align: center;\">Andristy\u00e1k Martin<br \/>\nAntal N\u00e1ndor M\u00e1ty\u00e1s<br \/>\nDe\u00e1k Mih\u00e1ly<br \/>\nDe\u00e1k Patrik<br \/>\nGell\u00e9r Klaudia<br \/>\nH\u00e1hn D\u00e1vid<br \/>\nHorv\u00e1th Alex<br \/>\nKiss Patrik<br \/>\nLepk\u00f3 Vanessza<br \/>\nN\u00e9meth Barbara<br \/>\nPardavi R\u00f3bert<br \/>\nSolymosi Adri\u00e1n<br \/>\nSzegv\u00e1ri D\u00e1vid<\/p>\n","protected":false},"excerpt":{"rendered":"<p>2014\/2015 8.a oszt\u00e1ly Barna Benedek Cs\u00e1fordi J\u00f3zsef Csete Martin Feh\u00e9r Kamilla Giczi Bence Hadarics \u00c1kos Hadarics Bal\u00e1zs Hadarics G\u00e1bor H\u00e1hn Barbara Herold \u00c1ron Juh\u00e1sz Adri\u00e1n N\u00e9meth Daniella S\u00e1ri Dominika So\u00f3s Adrienn \u00dcveges Katinka 8.b oszt\u00e1ly Andristy\u00e1k Martin Antal N\u00e1ndor M\u00e1ty\u00e1s [&hellip;]<\/p>\n","protected":false},"author":1,"featured_media":0,"parent":0,"menu_order":0,"comment_status":"closed","ping_status":"closed","template":"","meta":{"ngg_post_thumbnail":0,"footnotes":""},"_links":{"self":[{"href":"https:\/\/ecsiskola.hu\/web\/wp-json\/wp\/v2\/pages\/238"}],"collection":[{"href":"https:\/\/ecsiskola.hu\/web\/wp-json\/wp\/v2\/pages"}],"about":[{"href":"https:\/\/ecsiskola.hu\/web\/wp-json\/wp\/v2\/types\/page"}],"author":[{"embeddable":true,"href":"https:\/\/ecsiskola.hu\/web\/wp-json\/wp\/v2\/users\/1"}],"replies":[{"embeddable":true,"href":"https:\/\/ecsiskola.hu\/web\/wp-json\/wp\/v2\/comments?post=238"}],"version-history":[{"count":2,"href":"https:\/\/ecsiskola.hu\/web\/wp-json\/wp\/v2\/pages\/238\/revisions"}],"predecessor-version":[{"id":264,"href":"https:\/\/ecsiskola.hu\/web\/wp-json\/wp\/v2\/pages\/238\/revisions\/264"}],"wp:attachment":[{"href":"https:\/\/ecsiskola.hu\/web\/wp-json\/wp\/v2\/media?parent=238"}],"curies":[{"name":"wp","href":"https:\/\/api.w.org\/{rel}","templated":true}]}}