{"id":242,"date":"2024-01-18T18:07:14","date_gmt":"2024-01-18T17:07:14","guid":{"rendered":"https:\/\/ecsiskola.hu\/web\/?page_id=242"},"modified":"2024-01-18T18:07:14","modified_gmt":"2024-01-18T17:07:14","slug":"vegzos-osztalyok-2012-2013","status":"publish","type":"page","link":"https:\/\/ecsiskola.hu\/web\/vegzos-osztalyok-2012-2013\/","title":{"rendered":"V\u00e9gz\u0151s oszt\u00e1lyok 2012\/2013"},"content":{"rendered":"<h2 style=\"text-align: center;\">2012\/2013<\/h2>\n<p><img loading=\"lazy\" decoding=\"async\" class=\"size-full wp-image-211 aligncenter\" src=\"https:\/\/ecsiskola.hu\/web\/wp-content\/uploads\/2024\/01\/2012-2013.jpg\" alt=\"\" width=\"640\" height=\"460\" srcset=\"https:\/\/ecsiskola.hu\/web\/wp-content\/uploads\/2024\/01\/2012-2013.jpg 640w, https:\/\/ecsiskola.hu\/web\/wp-content\/uploads\/2024\/01\/2012-2013-300x216.jpg 300w\" sizes=\"(max-width: 640px) 100vw, 640px\" \/><\/p>\n<p style=\"text-align: center;\"><strong>8.oszt\u00e1ly<\/strong><br \/>\nBorsos M\u00e1t\u00e9<br \/>\nB\u0151d\u00f6r Nikolett<br \/>\nCzigler Eszter<br \/>\nCzigler Kitti<br \/>\nCserteg Rebeka<br \/>\nH\u00e1hn Dominik<br \/>\nHorv\u00e1th Rich\u00e1rd<br \/>\nKatona M\u00e1t\u00e9<br \/>\nKerekes Viktor<br \/>\nKolonics Nikolett<br \/>\nKozma M\u00e1rk<br \/>\nM\u00e1t\u00e9 Rich\u00e1rd<br \/>\nMojzer Emese<br \/>\nN\u00e9meth Eszter<br \/>\nN\u00e9meth Hanna<br \/>\nPet\u0151 Tam\u00e1s<br \/>\nPulai Dorina<br \/>\nS\u00fcmegi Krist\u00f3f<br \/>\nSz\u0171cs Barbara<br \/>\nT\u00f3th Katalin<br \/>\nVarga Alexandra<\/p>\n","protected":false},"excerpt":{"rendered":"<p>2012\/2013 8.oszt\u00e1ly Borsos M\u00e1t\u00e9 B\u0151d\u00f6r Nikolett Czigler Eszter Czigler Kitti Cserteg Rebeka H\u00e1hn Dominik Horv\u00e1th Rich\u00e1rd Katona M\u00e1t\u00e9 Kerekes Viktor Kolonics Nikolett Kozma M\u00e1rk M\u00e1t\u00e9 Rich\u00e1rd Mojzer Emese N\u00e9meth Eszter N\u00e9meth Hanna Pet\u0151 Tam\u00e1s Pulai Dorina S\u00fcmegi Krist\u00f3f Sz\u0171cs Barbara [&hellip;]<\/p>\n","protected":false},"author":1,"featured_media":0,"parent":0,"menu_order":0,"comment_status":"closed","ping_status":"closed","template":"","meta":{"ngg_post_thumbnail":0,"footnotes":""},"_links":{"self":[{"href":"https:\/\/ecsiskola.hu\/web\/wp-json\/wp\/v2\/pages\/242"}],"collection":[{"href":"https:\/\/ecsiskola.hu\/web\/wp-json\/wp\/v2\/pages"}],"about":[{"href":"https:\/\/ecsiskola.hu\/web\/wp-json\/wp\/v2\/types\/page"}],"author":[{"embeddable":true,"href":"https:\/\/ecsiskola.hu\/web\/wp-json\/wp\/v2\/users\/1"}],"replies":[{"embeddable":true,"href":"https:\/\/ecsiskola.hu\/web\/wp-json\/wp\/v2\/comments?post=242"}],"version-history":[{"count":1,"href":"https:\/\/ecsiskola.hu\/web\/wp-json\/wp\/v2\/pages\/242\/revisions"}],"predecessor-version":[{"id":243,"href":"https:\/\/ecsiskola.hu\/web\/wp-json\/wp\/v2\/pages\/242\/revisions\/243"}],"wp:attachment":[{"href":"https:\/\/ecsiskola.hu\/web\/wp-json\/wp\/v2\/media?parent=242"}],"curies":[{"name":"wp","href":"https:\/\/api.w.org\/{rel}","templated":true}]}}