{"id":244,"date":"2024-01-18T18:11:57","date_gmt":"2024-01-18T17:11:57","guid":{"rendered":"https:\/\/ecsiskola.hu\/web\/?page_id=244"},"modified":"2024-01-18T18:11:57","modified_gmt":"2024-01-18T17:11:57","slug":"vegzos-osztalyok-2011-2012","status":"publish","type":"page","link":"https:\/\/ecsiskola.hu\/web\/vegzos-osztalyok-2011-2012\/","title":{"rendered":"V\u00e9gz\u0151s oszt\u00e1lyok 2011\/2012"},"content":{"rendered":"<h2 style=\"text-align: center;\">2011\/2012<\/h2>\n<p><img loading=\"lazy\" decoding=\"async\" class=\"wp-image-210 aligncenter\" src=\"https:\/\/ecsiskola.hu\/web\/wp-content\/uploads\/2024\/01\/2011-2012_8_osztaly.jpg\" alt=\"\" width=\"665\" height=\"466\" srcset=\"https:\/\/ecsiskola.hu\/web\/wp-content\/uploads\/2024\/01\/2011-2012_8_osztaly.jpg 849w, https:\/\/ecsiskola.hu\/web\/wp-content\/uploads\/2024\/01\/2011-2012_8_osztaly-300x210.jpg 300w, https:\/\/ecsiskola.hu\/web\/wp-content\/uploads\/2024\/01\/2011-2012_8_osztaly-768x538.jpg 768w\" sizes=\"(max-width: 665px) 100vw, 665px\" \/><\/p>\n<p style=\"text-align: center;\"><strong>8.oszt\u00e1ly<\/strong><\/p>\n<p style=\"text-align: center;\">Cs\u00e1fordi Zolt\u00e1n<br \/>\nCzigler Fanni<br \/>\nCzigler Patrik<br \/>\nFarkas \u00c1kos<br \/>\nFerenczi Bence<br \/>\nF\u00fcl\u00f6p Brigitta<br \/>\nK\u00e9ri Martina<br \/>\nKitzv\u00e9ger Klaudia<br \/>\nKolonics Tam\u00e1s<br \/>\nMelkovics Elv\u00edra<br \/>\nMoln\u00e1r Brigitta<br \/>\nNagy Bianka<br \/>\nP\u00e1l Angelika<br \/>\nPet\u0151 Alexandra<br \/>\nPetrik Fel\u00edcia<br \/>\nPulai G\u00e1bor<br \/>\nPusztai Patrik<br \/>\nS\u00e1ri Rich\u00e1rd<br \/>\nStefka Rich\u00e1rd<br \/>\nSzab\u00f3 Ren\u00e1ta<br \/>\nSz\u0171cs Erik<br \/>\nTatai Klaudia<br \/>\nViski Fanni<br \/>\nZs\u00e9dely \u00c1kos<\/p>\n","protected":false},"excerpt":{"rendered":"<p>2011\/2012 8.oszt\u00e1ly Cs\u00e1fordi Zolt\u00e1n Czigler Fanni Czigler Patrik Farkas \u00c1kos Ferenczi Bence F\u00fcl\u00f6p Brigitta K\u00e9ri Martina Kitzv\u00e9ger Klaudia Kolonics Tam\u00e1s Melkovics Elv\u00edra Moln\u00e1r Brigitta Nagy Bianka P\u00e1l Angelika Pet\u0151 Alexandra Petrik Fel\u00edcia Pulai G\u00e1bor Pusztai Patrik S\u00e1ri Rich\u00e1rd Stefka Rich\u00e1rd [&hellip;]<\/p>\n","protected":false},"author":1,"featured_media":0,"parent":0,"menu_order":0,"comment_status":"closed","ping_status":"closed","template":"","meta":{"ngg_post_thumbnail":0,"footnotes":""},"_links":{"self":[{"href":"https:\/\/ecsiskola.hu\/web\/wp-json\/wp\/v2\/pages\/244"}],"collection":[{"href":"https:\/\/ecsiskola.hu\/web\/wp-json\/wp\/v2\/pages"}],"about":[{"href":"https:\/\/ecsiskola.hu\/web\/wp-json\/wp\/v2\/types\/page"}],"author":[{"embeddable":true,"href":"https:\/\/ecsiskola.hu\/web\/wp-json\/wp\/v2\/users\/1"}],"replies":[{"embeddable":true,"href":"https:\/\/ecsiskola.hu\/web\/wp-json\/wp\/v2\/comments?post=244"}],"version-history":[{"count":1,"href":"https:\/\/ecsiskola.hu\/web\/wp-json\/wp\/v2\/pages\/244\/revisions"}],"predecessor-version":[{"id":245,"href":"https:\/\/ecsiskola.hu\/web\/wp-json\/wp\/v2\/pages\/244\/revisions\/245"}],"wp:attachment":[{"href":"https:\/\/ecsiskola.hu\/web\/wp-json\/wp\/v2\/media?parent=244"}],"curies":[{"name":"wp","href":"https:\/\/api.w.org\/{rel}","templated":true}]}}