{"id":250,"date":"2024-01-18T18:20:19","date_gmt":"2024-01-18T17:20:19","guid":{"rendered":"https:\/\/ecsiskola.hu\/web\/?page_id=250"},"modified":"2024-01-18T18:20:19","modified_gmt":"2024-01-18T17:20:19","slug":"vegzos-osztalyok-2008-2009","status":"publish","type":"page","link":"https:\/\/ecsiskola.hu\/web\/vegzos-osztalyok-2008-2009\/","title":{"rendered":"V\u00e9gz\u0151s oszt\u00e1lyok 2008\/2009"},"content":{"rendered":"<h2 style=\"text-align: center;\">2008\/2009<\/h2>\n<p><img loading=\"lazy\" decoding=\"async\" class=\"alignnone  wp-image-205\" src=\"https:\/\/ecsiskola.hu\/web\/wp-content\/uploads\/2024\/01\/2008-2009_8_a_osztaly.jpg\" alt=\"\" width=\"714\" height=\"510\" srcset=\"https:\/\/ecsiskola.hu\/web\/wp-content\/uploads\/2024\/01\/2008-2009_8_a_osztaly.jpg 1024w, https:\/\/ecsiskola.hu\/web\/wp-content\/uploads\/2024\/01\/2008-2009_8_a_osztaly-300x214.jpg 300w, https:\/\/ecsiskola.hu\/web\/wp-content\/uploads\/2024\/01\/2008-2009_8_a_osztaly-768x548.jpg 768w\" sizes=\"(max-width: 714px) 100vw, 714px\" \/><\/p>\n<p style=\"text-align: center;\"><strong>8.a oszt\u00e1ly<\/strong><\/p>\n<p style=\"text-align: center;\">Kocsisn\u00e9 N\u00e9meth Ilona (oszt\u00e1lyf\u0151n\u00f6k)<br \/>\nBejczi Tam\u00e1s<br \/>\nCsuka Vikt\u00f3ria<br \/>\nCzigler Evelin<br \/>\nD\u00f6m\u00f6t\u00f6r M\u00e1rk<br \/>\nEller Fanni<br \/>\nFaminger Istv\u00e1n<br \/>\nFekete Eszter<br \/>\nHammerl Ferenc<br \/>\nIv\u00e1n \u00c1kos<br \/>\nKall\u00f3 Nikolett<br \/>\nKrajcz\u00e1r Martin<br \/>\nLuk\u00e1cs M\u00e1rk<br \/>\nMeixner M\u00e1rk Henrik<br \/>\nMelkovics B\u00e1lint<br \/>\nPatak \u00c1d\u00e1m<br \/>\nPoly\u00e1k D\u00e1niel<br \/>\nPulai R\u00f3bert<br \/>\nSarman Kriszti\u00e1n<br \/>\nSchreiner D\u00f3ra<br \/>\nTatai Dominik<br \/>\nVarga M\u00e1rta<br \/>\nVaszari Anna<\/p>\n<hr>\n<p><img loading=\"lazy\" decoding=\"async\" class=\"alignnone  wp-image-206\" src=\"https:\/\/ecsiskola.hu\/web\/wp-content\/uploads\/2024\/01\/2008-2009_8_b_osztaly.jpg\" alt=\"\" width=\"706\" height=\"504\" srcset=\"https:\/\/ecsiskola.hu\/web\/wp-content\/uploads\/2024\/01\/2008-2009_8_b_osztaly.jpg 1024w, https:\/\/ecsiskola.hu\/web\/wp-content\/uploads\/2024\/01\/2008-2009_8_b_osztaly-300x214.jpg 300w, https:\/\/ecsiskola.hu\/web\/wp-content\/uploads\/2024\/01\/2008-2009_8_b_osztaly-768x548.jpg 768w\" sizes=\"(max-width: 706px) 100vw, 706px\" \/><\/p>\n<p style=\"text-align: center;\"><strong>8.b oszt\u00e1ly<\/strong><\/p>\n<p style=\"text-align: center;\">Pusztain\u00e9 Moln\u00e1r Judit (oszt\u00e1lyf\u0151n\u00f6k)<br \/>\nBarab\u00e1s Bernadett<br \/>\nFarkas Dorina<br \/>\nFiedler Barbara<br \/>\nJ\u00e1mbor Kata<br \/>\nKatona Rich\u00e1rd<br \/>\nKerekes \u00c1gnes<br \/>\nK\u00e9ri T\u00edmea<br \/>\nKov\u00e1cs Martin<br \/>\nLepk\u00f3 Alexandra<br \/>\nMoln\u00e1r No\u00e9mi<br \/>\nNemoda Henriett<br \/>\nPusztai P\u00e9ter<br \/>\nS\u00f3ki Attila<br \/>\nSzab\u00f3 Katinka<br \/>\nT\u00f3th R\u00f3bert<br \/>\nVarga Kitti<br \/>\nViski \u00c1kos Valentin<br \/>\nWalla \u00c1kos<\/p>\n","protected":false},"excerpt":{"rendered":"<p>2008\/2009 8.a oszt\u00e1ly Kocsisn\u00e9 N\u00e9meth Ilona (oszt\u00e1lyf\u0151n\u00f6k) Bejczi Tam\u00e1s Csuka Vikt\u00f3ria Czigler Evelin D\u00f6m\u00f6t\u00f6r M\u00e1rk Eller Fanni Faminger Istv\u00e1n Fekete Eszter Hammerl Ferenc Iv\u00e1n \u00c1kos Kall\u00f3 Nikolett Krajcz\u00e1r Martin Luk\u00e1cs M\u00e1rk Meixner M\u00e1rk Henrik Melkovics B\u00e1lint Patak \u00c1d\u00e1m Poly\u00e1k D\u00e1niel [&hellip;]<\/p>\n","protected":false},"author":1,"featured_media":0,"parent":0,"menu_order":0,"comment_status":"closed","ping_status":"closed","template":"","meta":{"ngg_post_thumbnail":0,"footnotes":""},"_links":{"self":[{"href":"https:\/\/ecsiskola.hu\/web\/wp-json\/wp\/v2\/pages\/250"}],"collection":[{"href":"https:\/\/ecsiskola.hu\/web\/wp-json\/wp\/v2\/pages"}],"about":[{"href":"https:\/\/ecsiskola.hu\/web\/wp-json\/wp\/v2\/types\/page"}],"author":[{"embeddable":true,"href":"https:\/\/ecsiskola.hu\/web\/wp-json\/wp\/v2\/users\/1"}],"replies":[{"embeddable":true,"href":"https:\/\/ecsiskola.hu\/web\/wp-json\/wp\/v2\/comments?post=250"}],"version-history":[{"count":1,"href":"https:\/\/ecsiskola.hu\/web\/wp-json\/wp\/v2\/pages\/250\/revisions"}],"predecessor-version":[{"id":251,"href":"https:\/\/ecsiskola.hu\/web\/wp-json\/wp\/v2\/pages\/250\/revisions\/251"}],"wp:attachment":[{"href":"https:\/\/ecsiskola.hu\/web\/wp-json\/wp\/v2\/media?parent=250"}],"curies":[{"name":"wp","href":"https:\/\/api.w.org\/{rel}","templated":true}]}}