{"id":41,"date":"2024-01-13T09:49:26","date_gmt":"2024-01-13T08:49:26","guid":{"rendered":"https:\/\/ecsiskola.hu\/web\/?page_id=41"},"modified":"2025-12-10T09:07:17","modified_gmt":"2025-12-10T08:07:17","slug":"muveszetoktatas","status":"publish","type":"page","link":"https:\/\/ecsiskola.hu\/web\/aktualis\/muveszetoktatas\/","title":{"rendered":"M\u0171v\u00e9szetoktat\u00e1s"},"content":{"rendered":"<p><a href=\"https:\/\/ecsiskola.hu\/web\/wp-content\/uploads\/2025\/12\/Adventi-hangverseny-beszamolo.pdf\">Adventi hangverseny 2025<\/a><\/p>\n<p>&nbsp;<\/p>\n<p><span style=\"font-family: 'comic sans ms', sans-serif;\">Ez \u00e9vben december 5-\u00e9n, az adventi v\u00e1s\u00e1rhoz kapcsol\u00f3d\u00f3an a m\u0171vel\u0151d\u00e9si h\u00e1zban tartottuk meg szok\u00e1sos m\u0171v\u00e9szeti bemutat\u00f3nkat. A gyerekek nagy izgalommal k\u00e9sz\u00fcltek az esem\u00e9nyre, ahol\u00a0 el\u0151adt\u00e1k a kiv\u00e1lasztott zenem\u0171veket. A m\u0171sort az \u00e9nekkarosok kar\u00e1csonyt id\u00e9z\u0151 dallama z\u00e1rta, melyben a m\u0171v\u00e9szeti iskola tan\u00e1rai is k\u00f6zrem\u0171k\u00f6dtek.<\/span><\/p>\n<p><img loading=\"lazy\" decoding=\"async\" src=\"https:\/\/ecsiskola.hu\/web\/wp-content\/uploads\/2024\/12\/muveszeti1-300x196.jpg\" alt=\"\" width=\"300\" height=\"196\" \/> <img loading=\"lazy\" decoding=\"async\" src=\"https:\/\/ecsiskola.hu\/web\/wp-content\/uploads\/2024\/12\/muveszeti2-300x169.jpg\" alt=\"\" width=\"300\" height=\"169\" \/> <img loading=\"lazy\" decoding=\"async\" src=\"https:\/\/ecsiskola.hu\/web\/wp-content\/uploads\/2024\/12\/muveszeti3-300x202.jpg\" alt=\"\" width=\"300\" height=\"202\" \/> <img loading=\"lazy\" decoding=\"async\" src=\"https:\/\/ecsiskola.hu\/web\/wp-content\/uploads\/2024\/12\/muveszeti4-300x213.jpg\" alt=\"\" width=\"300\" height=\"213\" \/> <img loading=\"lazy\" decoding=\"async\" src=\"https:\/\/ecsiskola.hu\/web\/wp-content\/uploads\/2024\/12\/muveszeti5-300x227.jpg\" alt=\"\" width=\"300\" height=\"227\" \/> <img loading=\"lazy\" decoding=\"async\" src=\"https:\/\/ecsiskola.hu\/web\/wp-content\/uploads\/2024\/12\/muveszeti6-300x197.jpg\" alt=\"\" width=\"300\" height=\"197\" \/> <img loading=\"lazy\" decoding=\"async\" src=\"https:\/\/ecsiskola.hu\/web\/wp-content\/uploads\/2024\/12\/muveszeti7-300x189.jpg\" alt=\"\" width=\"300\" height=\"189\" \/><\/p>\n<p><!--nextpage--><\/p>\n<p>J\u00fanius 11-\u00e9n tartottuk m\u0171v\u00e9szeti iskol\u00e1nk zeneiskol\u00e1sainak \u00e9v v\u00e9gi vizsgahangverseny\u00e9t. N\u00f6vend\u00e9keink nagy izgalommal k\u00e9sz\u00fcltek erre az esem\u00e9nyre, melyen bemutathatt\u00e1k kedvenc darabjaikat furuly\u00e1n, illetve zongor\u00e1n. \u00d6r\u00f6m volt l\u00e1tni \u00e9s hallani az \u00fcgyes kezek j\u00e1t\u00e9k\u00e1t, \u00e9s figyelemmel k\u00eds\u00e9rni fejl\u0151d\u00e9s\u00fcket.<\/p>\n<p><img loading=\"lazy\" decoding=\"async\" src=\"https:\/\/ecsiskola.hu\/web\/wp-content\/uploads\/2024\/06\/received_7711728438915032-223x300.jpeg\" alt=\"\" width=\"223\" height=\"300\" \/> <img loading=\"lazy\" decoding=\"async\" src=\"https:\/\/ecsiskola.hu\/web\/wp-content\/uploads\/2024\/06\/received_482053871014367-300x231.jpeg\" alt=\"\" width=\"300\" height=\"231\" \/> <img loading=\"lazy\" decoding=\"async\" src=\"https:\/\/ecsiskola.hu\/web\/wp-content\/uploads\/2024\/06\/received_336982079265630-217x300.jpeg\" alt=\"\" width=\"217\" height=\"300\" \/> <img loading=\"lazy\" decoding=\"async\" src=\"https:\/\/ecsiskola.hu\/web\/wp-content\/uploads\/2024\/06\/received_1167185501281587-233x300.jpeg\" alt=\"\" width=\"233\" height=\"300\" \/> <img loading=\"lazy\" decoding=\"async\" src=\"https:\/\/ecsiskola.hu\/web\/wp-content\/uploads\/2024\/06\/received_815866987149966-225x300.jpeg\" alt=\"\" width=\"225\" height=\"300\" \/> <img loading=\"lazy\" decoding=\"async\" src=\"https:\/\/ecsiskola.hu\/web\/wp-content\/uploads\/2024\/06\/received_1251943459110442-198x300.jpeg\" alt=\"\" width=\"198\" height=\"300\" \/> <img loading=\"lazy\" decoding=\"async\" src=\"https:\/\/ecsiskola.hu\/web\/wp-content\/uploads\/2024\/06\/received_1144997600085733-225x300.jpeg\" alt=\"\" width=\"225\" height=\"300\" \/><\/p>\n<p>&nbsp;<\/p>\n<p>&nbsp;<\/p>\n<p>&nbsp;<\/p>\n<p>&nbsp;<\/p>\n<p>&nbsp;<\/p>\n<p>&nbsp;<\/p>\n<p><strong>Czir\u00e1ki Lajos verseny 2023\/24<\/strong><\/p>\n<p><img loading=\"lazy\" decoding=\"async\" class=\"\" src=\"https:\/\/ecsiskola.hu\/web\/wp-content\/uploads\/2024\/04\/received_3659143411070620-225x300.jpeg\" alt=\"\" width=\"171\" height=\"228\" \/> <img loading=\"lazy\" decoding=\"async\" class=\"\" src=\"https:\/\/ecsiskola.hu\/web\/wp-content\/uploads\/2024\/04\/received_987976769342397-300x225.jpeg\" alt=\"\" width=\"257\" height=\"193\" \/> <img loading=\"lazy\" decoding=\"async\" class=\"\" src=\"https:\/\/ecsiskola.hu\/web\/wp-content\/uploads\/2024\/04\/received_291416180674307-300x225.jpeg\" alt=\"\" width=\"256\" height=\"192\" \/><\/p>\n<p><img loading=\"lazy\" decoding=\"async\" class=\"\" src=\"https:\/\/ecsiskola.hu\/web\/wp-content\/uploads\/2024\/04\/received_948848510266969-225x300.jpeg\" alt=\"\" width=\"177\" height=\"236\" \/> <img loading=\"lazy\" decoding=\"async\" class=\"\" src=\"https:\/\/ecsiskola.hu\/web\/wp-content\/uploads\/2024\/04\/received_1545058526061777-300x225.jpeg\" alt=\"\" width=\"259\" height=\"194\" \/><\/p>\n<p><strong>M\u0171v\u00e9szeti bemutat\u00f3 2023\/24<\/strong><\/p>\n<p><img loading=\"lazy\" decoding=\"async\" src=\"https:\/\/ecsiskola.hu\/web\/wp-content\/uploads\/2024\/02\/20231207_161413-225x300.jpg\" alt=\"\" width=\"225\" height=\"300\" \/> <img loading=\"lazy\" decoding=\"async\" src=\"https:\/\/ecsiskola.hu\/web\/wp-content\/uploads\/2024\/02\/20231207_161910-225x300.jpg\" alt=\"\" width=\"225\" height=\"300\" \/> <img loading=\"lazy\" decoding=\"async\" src=\"https:\/\/ecsiskola.hu\/web\/wp-content\/uploads\/2024\/02\/20240117_141913-225x300.jpg\" alt=\"\" width=\"225\" height=\"300\" \/> <img loading=\"lazy\" decoding=\"async\" src=\"https:\/\/ecsiskola.hu\/web\/wp-content\/uploads\/2024\/02\/20240117_145043-225x300.jpg\" alt=\"\" width=\"225\" height=\"300\" \/><\/p>\n<p><strong>Czir\u00e1ki Lajos verseny 2022\/23<\/strong><\/p>\n<p><img loading=\"lazy\" decoding=\"async\" src=\"https:\/\/ecsiskola.hu\/web\/wp-content\/uploads\/2024\/02\/kepzo3-1-225x300.jpg\" alt=\"\" width=\"225\" height=\"300\" \/> <img loading=\"lazy\" decoding=\"async\" src=\"https:\/\/ecsiskola.hu\/web\/wp-content\/uploads\/2024\/02\/kepzo3-225x300.png\" alt=\"\" width=\"225\" height=\"300\" \/> <img loading=\"lazy\" decoding=\"async\" src=\"https:\/\/ecsiskola.hu\/web\/wp-content\/uploads\/2024\/02\/kepzo2-225x300.png\" alt=\"\" width=\"225\" height=\"300\" \/> <img loading=\"lazy\" decoding=\"async\" src=\"https:\/\/ecsiskola.hu\/web\/wp-content\/uploads\/2024\/02\/kepzo-269x300.png\" alt=\"\" width=\"269\" height=\"300\" \/> <img loading=\"lazy\" decoding=\"async\" src=\"https:\/\/ecsiskola.hu\/web\/wp-content\/uploads\/2024\/02\/Cziraki-300x225.png\" alt=\"\" width=\"300\" height=\"225\" \/> <img loading=\"lazy\" decoding=\"async\" src=\"https:\/\/ecsiskola.hu\/web\/wp-content\/uploads\/2024\/02\/kepzo3-225x300.jpg\" alt=\"\" width=\"225\" height=\"300\" \/><\/p>\n<p><strong>M\u0171v\u00e9szeti iskola<\/strong><\/p>\n<p>Int\u00e9zm\u00e9ny\u00fcnk ravazdi tagiskolai r\u00e9sze 2005 szeptember\u00e9t\u0151l b\u0151v\u00edtette profilj\u00e1t, \u00e9s az \u00e1ltal\u00e1nos iskolai oktat\u00e1s mellett bevezette az alapfok\u00fa m\u0171v\u00e9szetoktat\u00e1s ter\u00fclet\u00e9n is a k\u00e9pz\u00e9st. Az \u00e9csi \u00e9s a ravazdi iskola t\u00e1rsul\u00e1sa ut\u00e1n az \u00faj k\u00f6z\u00f6s int\u00e9zm\u00e9nyben is tov\u00e1bb folyik a gyerekek m\u0171v\u00e9szeti k\u00e9pz\u00e9se. A 2007-ben kezd\u0151d\u00f6tt min\u0151s\u00edt\u00e9si elj\u00e1r\u00e1sban iskol\u00e1nk kiv\u00e1l\u00f3 min\u0151s\u00edt\u00e9st kapott.<\/p>\n<p><img loading=\"lazy\" decoding=\"async\" class=\"wp-image-278 aligncenter\" src=\"https:\/\/ecsiskola.hu\/web\/wp-content\/uploads\/2024\/01\/muveszetoktatas1.jpg\" alt=\"\" width=\"487\" height=\"365\" \/><\/p>\n<p>A tanul\u00f3k heti 4 \u00f3r\u00e1ban vesznek r\u00e9szt a foglalkoz\u00e1sokon. A tan\u00e9v v\u00e9g\u00e9n vizsga keret\u00e9ben adnak sz\u00e1mot tud\u00e1sukr\u00f3l, \u00e1llamilag elismert bizony\u00edtv\u00e1nyt kapnak.<br \/>\nA tan\u00e9v sor\u00e1n ny\u00edlt \u00f3r\u00e1k, h\u00e1zi hangversenyek, ki\u00e1ll\u00edt\u00e1sok keret\u00e9ben lehet bepillant\u00e1st nyerni a tanszakok munk\u00e1j\u00e1ba.<\/p>\n<p><strong>Az al\u00e1bbi tagozatokon folyik a k\u00e9pz\u00e9s saj\u00e1t szervez\u00e9s\u00fcnkben:<\/strong><\/p>\n<ul>\n<li>Zene (Furulya, zongora)<\/li>\n<li>K\u00e9pz\u0151 \u00e9s iparm\u0171v\u00e9szet<\/li>\n<\/ul>\n<p><img loading=\"lazy\" decoding=\"async\" class=\"wp-image-279 aligncenter\" src=\"https:\/\/ecsiskola.hu\/web\/wp-content\/uploads\/2024\/01\/muveszetoktatas2.jpg\" alt=\"\" width=\"459\" height=\"344\" \/><\/p>\n<p>A foglalkoz\u00e1sok nagyobb r\u00e9sze d\u00e9lut\u00e1n, illetve az \u00f3rarendhez igazodva kezd\u0151dik.<\/p>\n<p>2009\/2010-es tan\u00e9vt\u0151l m\u00e1r az ovisok is ismerkedhettek a zen\u00e9vel heti egy alkalommal j\u00e1t\u00e9kos form\u00e1ban t\u00e9r\u00edt\u00e9smentesen.<\/p>\n<p>M\u0171v\u00e9szetoktat\u00e1s szempontj\u00e1b\u00f3l telephely\u00fcnk m\u0171k\u00f6dik a t\u00e1pi iskol\u00e1ban is, ahol furuly\u00e1t \u00e9s zongor\u00e1t oktatunk.<\/p>\n<p>Azok a sz\u00fcl\u0151k, akiknek gyermeke t\u00f6bb m\u0171v\u00e9szeti iskola vagy t\u00f6bb tanszak szolg\u00e1ltat\u00e1sait is ig\u00e9nybe k\u00edv\u00e1nj\u00e1k venni, minden \u00e9v szeptember\u00e9ben nyilatkozatukkal maguk d\u00f6nthetik el, hogy melyik iskol\u00e1t k\u00edv\u00e1nj\u00e1k els\u0151 helyen megjel\u00f6lni. Az els\u0151 helyen megjel\u00f6lt iskola, illetve tanszak ut\u00e1n t\u00e9r\u00edt\u00e9si d\u00edjat, a m\u00e1sodik helyen megjel\u00f6lt ut\u00e1n tand\u00edjat kell fizetni\u00fck. R\u00e9szletfizet\u00e9sre van lehet\u0151s\u00e9g. Tand\u00edjmentess\u00e9get \u00e9lveznek az SNI \u00e9s a rendszeres gyermekv\u00e9delmi kedvezm\u00e9nyben r\u00e9szes\u00fcl\u0151k.<\/p>\n<p>Int\u00e9zm\u00e9ny\u00fcnkben m\u0171k\u00f6dnek n\u00e9pt\u00e1nc csoportok is, \u00c9csen is, Ravazdon is. Szervezetileg azonban a k\u00e9t csoport a m\u0171v\u00e9szetoktat\u00e1s szempontj\u00e1b\u00f3l a s\u00e1toralja\u00fajhelyi Bokr\u00e9ta M\u0171v\u00e9szeti Iskol\u00e1hoz tartozik.<br \/>\nK\u00fcl\u00f6nb\u00f6z\u0151 hazai \u00e9s k\u00fclf\u00f6ldi fell\u00e9p\u00e9seken \u00f6regb\u00edtik a gyerekek int\u00e9zm\u00e9ny\u00fcnk h\u00edrnev\u00e9t.<\/p>\n<p><strong>\u00c9csi n\u00e9pt\u00e1nc csoport<\/strong><\/p>\n<p><img loading=\"lazy\" decoding=\"async\" class=\"aligncenter wp-image-280 size-medium\" src=\"https:\/\/ecsiskola.hu\/web\/wp-content\/uploads\/2024\/01\/muveszetoktatas3-300x225.jpg\" alt=\"\" width=\"300\" height=\"225\" \/><\/p>\n<p><img loading=\"lazy\" decoding=\"async\" class=\"aligncenter wp-image-281 size-medium\" src=\"https:\/\/ecsiskola.hu\/web\/wp-content\/uploads\/2024\/01\/muveszetoktatas4-300x225.jpg\" alt=\"\" width=\"300\" height=\"225\" srcset=\"https:\/\/ecsiskola.hu\/web\/wp-content\/uploads\/2024\/01\/muveszetoktatas4-300x225.jpg 300w, https:\/\/ecsiskola.hu\/web\/wp-content\/uploads\/2024\/01\/muveszetoktatas4.jpg 640w\" sizes=\"(max-width: 300px) 100vw, 300px\" \/><\/p>\n<p><strong>Ravazdi n\u00e9pt\u00e1nc csoport<\/strong><\/p>\n<p><img loading=\"lazy\" decoding=\"async\" class=\"wp-image-282 aligncenter\" src=\"https:\/\/ecsiskola.hu\/web\/wp-content\/uploads\/2024\/01\/muveszetoktatas5.jpg\" alt=\"\" width=\"392\" height=\"294\" \/><\/p>\n<p>&nbsp;<\/p>\n<p><img loading=\"lazy\" decoding=\"async\" class=\"wp-image-283 aligncenter\" src=\"https:\/\/ecsiskola.hu\/web\/wp-content\/uploads\/2024\/01\/muveszetoktatas6.jpg\" alt=\"\" width=\"407\" height=\"305\" srcset=\"https:\/\/ecsiskola.hu\/web\/wp-content\/uploads\/2024\/01\/muveszetoktatas6.jpg 640w, https:\/\/ecsiskola.hu\/web\/wp-content\/uploads\/2024\/01\/muveszetoktatas6-300x225.jpg 300w\" sizes=\"(max-width: 407px) 100vw, 407px\" \/><\/p>\n<p>Tov\u00e1bbi k\u00e9pek a gal\u00e9ri\u00e1ban<\/p>\n","protected":false},"excerpt":{"rendered":"<p>Adventi hangverseny 2025 &nbsp; Ez \u00e9vben december 5-\u00e9n, az adventi v\u00e1s\u00e1rhoz kapcsol\u00f3d\u00f3an a m\u0171vel\u0151d\u00e9si h\u00e1zban tartottuk meg szok\u00e1sos m\u0171v\u00e9szeti bemutat\u00f3nkat. A gyerekek nagy izgalommal k\u00e9sz\u00fcltek az esem\u00e9nyre, ahol\u00a0 el\u0151adt\u00e1k a kiv\u00e1lasztott zenem\u0171veket. A m\u0171sort az \u00e9nekkarosok kar\u00e1csonyt id\u00e9z\u0151 dallama z\u00e1rta, [&hellip;]<\/p>\n","protected":false},"author":1,"featured_media":0,"parent":155,"menu_order":0,"comment_status":"closed","ping_status":"closed","template":"","meta":{"ngg_post_thumbnail":0,"footnotes":""},"_links":{"self":[{"href":"https:\/\/ecsiskola.hu\/web\/wp-json\/wp\/v2\/pages\/41"}],"collection":[{"href":"https:\/\/ecsiskola.hu\/web\/wp-json\/wp\/v2\/pages"}],"about":[{"href":"https:\/\/ecsiskola.hu\/web\/wp-json\/wp\/v2\/types\/page"}],"author":[{"embeddable":true,"href":"https:\/\/ecsiskola.hu\/web\/wp-json\/wp\/v2\/users\/1"}],"replies":[{"embeddable":true,"href":"https:\/\/ecsiskola.hu\/web\/wp-json\/wp\/v2\/comments?post=41"}],"version-history":[{"count":13,"href":"https:\/\/ecsiskola.hu\/web\/wp-json\/wp\/v2\/pages\/41\/revisions"}],"predecessor-version":[{"id":1366,"href":"https:\/\/ecsiskola.hu\/web\/wp-json\/wp\/v2\/pages\/41\/revisions\/1366"}],"up":[{"embeddable":true,"href":"https:\/\/ecsiskola.hu\/web\/wp-json\/wp\/v2\/pages\/155"}],"wp:attachment":[{"href":"https:\/\/ecsiskola.hu\/web\/wp-json\/wp\/v2\/media?parent=41"}],"curies":[{"name":"wp","href":"https:\/\/api.w.org\/{rel}","templated":true}]}}