{"id":925,"date":"2024-11-17T14:22:18","date_gmt":"2024-11-17T13:22:18","guid":{"rendered":"https:\/\/ecsiskola.hu\/web\/?page_id=925"},"modified":"2024-11-17T14:24:20","modified_gmt":"2024-11-17T13:24:20","slug":"vegzos-osztalyok-2024-2025","status":"publish","type":"page","link":"https:\/\/ecsiskola.hu\/web\/vegzos-osztalyok-2024-2025\/","title":{"rendered":"V\u00e9gz\u0151s oszt\u00e1lyok 2024\/2025"},"content":{"rendered":"<p style=\"text-align: center;\"><span style=\"font-size: 14pt;\"><strong>2024\/2025<\/strong><\/span><\/p>\n<p style=\"text-align: center;\"><span style=\"font-size: 14pt;\"><strong>8.a. oszt\u00e1ly<\/strong><\/span><\/p>\n<p style=\"text-align: center;\"><strong>Oszt\u00e1lyf\u0151n\u00f6k: M\u00e1kn\u00e9 Cs\u00e9p\u00e1nyi Katalin<\/strong><\/p>\n<p style=\"text-align: center;\">1. Bunda Marcell Ferenc<\/p>\n<p style=\"text-align: center;\">2. Dam\u00f3 Bence Zolt\u00e1n<\/p>\n<p style=\"text-align: center;\">3. Debreczeni D\u00f3ra<\/p>\n<p style=\"text-align: center;\">4. Fekete Zsombor<\/p>\n<p style=\"text-align: center;\">5. Gede Klo\u00e9<\/p>\n<p style=\"text-align: center;\">6. Gomb\u00e1s Janka<\/p>\n<p style=\"text-align: center;\">7. Koczka Anna Fl\u00f3ra<\/p>\n<p style=\"text-align: center;\">8. Kov\u00e1cs Zente P\u00e9ter<\/p>\n<p style=\"text-align: center;\">9. Lengyel Mikl\u00f3s P\u00e9ter<\/p>\n<p style=\"text-align: center;\">10. Mondovics Konor<\/p>\n<p style=\"text-align: center;\">11. Reider Tam\u00e1s<\/p>\n<p style=\"text-align: center;\">12. Rezeli \u00c1d\u00e1m<\/p>\n<p style=\"text-align: center;\">13. Rig\u00f3 Bence<\/p>\n<p style=\"text-align: center;\">14. Sarkady Alida<\/p>\n<p style=\"text-align: center;\">15. Szab\u00f3 Bence<\/p>\n<p style=\"text-align: center;\">16. Szalontai Patrik<\/p>\n<p style=\"text-align: center;\">17. Sz\u0151ll\u0151si Kevin<\/p>\n<p>&nbsp;<\/p>\n<p>&nbsp;<\/p>\n<p>&nbsp;<\/p>\n<p style=\"text-align: center;\"><strong><span style=\"font-size: 14pt;\">2024\/2025<\/span><\/strong><\/p>\n<p style=\"text-align: center;\"><strong><span style=\"font-size: 14pt;\">8.b. oszt\u00e1ly<\/span><\/strong><\/p>\n<p style=\"text-align: center;\"><strong>Oszt\u00e1lyf\u0151n\u00f6k: Menyh\u00e1rt Andrea<\/strong><\/p>\n<p style=\"text-align: center;\">1. Andorka J\u00e1zmin<\/p>\n<p style=\"text-align: center;\">2. Baki D\u00e1niel<\/p>\n<p style=\"text-align: center;\">3. Bir\u00f3 Botond<\/p>\n<p style=\"text-align: center;\">4. Boros Katalin<\/p>\n<p style=\"text-align: center;\">5. Borsos R\u00e9ka<\/p>\n<p style=\"text-align: center;\">6. Hajdufi M\u00edra<\/p>\n<p style=\"text-align: center;\">7. K\u00f6rmendi Krist\u00f3f<\/p>\n<p style=\"text-align: center;\">8. Krajcz\u00e1r Kriszti\u00e1n Attila<\/p>\n<p style=\"text-align: center;\">9. Laposa Levente<\/p>\n<p style=\"text-align: center;\">10. L\u00e1szl\u00f3 M\u00e1ria<\/p>\n<p style=\"text-align: center;\">11. L\u00e1z\u00e1r Melinda Vikt\u00f3ria<\/p>\n<p style=\"text-align: center;\">12. N\u00e9meth Henrietta Erika<\/p>\n<p style=\"text-align: center;\">13. P\u00e9ter \u00c1rmin<\/p>\n<p style=\"text-align: center;\">14. Szajk\u00f3 Vanda<\/p>\n<p style=\"text-align: center;\">15. Valasty\u00e1n Levente<\/p>\n<p style=\"text-align: center;\">16. Walla R\u00e9ka<\/p>\n","protected":false},"excerpt":{"rendered":"<p>2024\/2025 8.a. oszt\u00e1ly Oszt\u00e1lyf\u0151n\u00f6k: M\u00e1kn\u00e9 Cs\u00e9p\u00e1nyi Katalin 1. Bunda Marcell Ferenc 2. Dam\u00f3 Bence Zolt\u00e1n 3. Debreczeni D\u00f3ra 4. Fekete Zsombor 5. Gede Klo\u00e9 6. Gomb\u00e1s Janka 7. Koczka Anna Fl\u00f3ra 8. Kov\u00e1cs Zente P\u00e9ter 9. Lengyel Mikl\u00f3s P\u00e9ter 10. [&hellip;]<\/p>\n","protected":false},"author":2,"featured_media":0,"parent":0,"menu_order":0,"comment_status":"closed","ping_status":"closed","template":"","meta":{"ngg_post_thumbnail":0,"footnotes":""},"_links":{"self":[{"href":"https:\/\/ecsiskola.hu\/web\/wp-json\/wp\/v2\/pages\/925"}],"collection":[{"href":"https:\/\/ecsiskola.hu\/web\/wp-json\/wp\/v2\/pages"}],"about":[{"href":"https:\/\/ecsiskola.hu\/web\/wp-json\/wp\/v2\/types\/page"}],"author":[{"embeddable":true,"href":"https:\/\/ecsiskola.hu\/web\/wp-json\/wp\/v2\/users\/2"}],"replies":[{"embeddable":true,"href":"https:\/\/ecsiskola.hu\/web\/wp-json\/wp\/v2\/comments?post=925"}],"version-history":[{"count":3,"href":"https:\/\/ecsiskola.hu\/web\/wp-json\/wp\/v2\/pages\/925\/revisions"}],"predecessor-version":[{"id":930,"href":"https:\/\/ecsiskola.hu\/web\/wp-json\/wp\/v2\/pages\/925\/revisions\/930"}],"wp:attachment":[{"href":"https:\/\/ecsiskola.hu\/web\/wp-json\/wp\/v2\/media?parent=925"}],"curies":[{"name":"wp","href":"https:\/\/api.w.org\/{rel}","templated":true}]}}